69)/2)/(((-5)/10)/1). Let d = s - -88. Is d a composite number?
False
Suppose 57*w = 47*w + 1145270. Is w a prime number?
False
Suppose 5*i + 4*h - 1 - 22 = 0, -5*h = 3*i - 19. Suppose -b = o + 1, 5*b - 6 + i = -3*o. Suppose j + 1380 = b*x + 2*x, 5*j = 25. Is x a prime number?
True
Let a(f) = 8*f - 21. Let h be a(3). Suppose -h*s - 524 = -7*s. Is s a prime number?
True
Let u be (-2)/((-6)/(-3)) + 936. Suppose 6*m = u + 175. Is m a prime number?
False
Let w(p) = -p + 3. Let l be w(-3). Suppose 385 = l*g - g + 2*q, g - 54 = -5*q. Is g a composite number?
False
Let z(m) = -16*m - 2. Let a be z(-2). Suppose -s = 2*b + 2*s - 8, 5*s + a = b. Let w(u) = -u**3 + 11*u**2 - 13. Is w(b) a prime number?
False
Let v(a) = a**3 + a**2 + 9*a + 2357. Is v(0) composite?
False
Let t(u) = 85*u + 2. Let y(m) = -m**2 + 3*m + 19. Let s be y(5). Is t(s) composite?
True
Let q(y) = 6*y**2 - 17*y + 18. Let x(z) = -z**2 - 8*z - 4. Let w be x(-9). Is q(w) a prime number?
False
Is (-172503)/36*(-32)/24 a prime number?
True
Suppose 10*t - 220636 + 16446 = 0. Is t prime?
False
Let l = -860 + 605. Let g be (l/(-6))/(3/(-6)). Is g/(3 + 12/(-3)) a prime number?
False
Is 2 - (-5904 - 3/(3 + -6)) a composite number?
True
Let g be -1 - -3 - (-6 + 5). Suppose -7*k + g*k + 34 = 3*t, t + 2*k = 14. Is -1 + 11 - (-6 + t) a prime number?
False
Suppose -244 = 2*a + 94. Is 26/a - 17487/(-13) composite?
True
Let p(r) = 56*r**2 + 14*r - 45. Is p(4) composite?
False
Suppose -3*u - 2*j = -13679, -5*j - 4557 = -u - 3*j. Is u a prime number?
False
Let n be 3/9 + 4/(48/(-44668)). Is n/(-10)*2*10/4 a prime number?
True
Let p(d) = -25*d + 521. Is p(0) prime?
True
Let v(q) = q**3 - 5*q**2 - 4*q - 9. Let g be v(6). Suppose -g*z = -4*m + 248 - 75, 0 = -m - z + 52. Is m a composite number?
False
Let v(i) = -64*i - 25. Let m be 6 + -5 - ((-3 - -14) + 2). Is v(m) a composite number?
False
Let i(t) be the second derivative of -2*t - 2*t**2 + 0 + 67/6*t**3. Is i(5) composite?
False
Let w = -783 + 1670. Is w composite?
False
Let t be (45/12)/(2/1112). Suppose -5*r = -2*r - t. Is r prime?
False
Let i(s) be the first derivative of -4 - 7*s + 8/3*s**3 - 2*s**2. Is i(-7) a composite number?
True
Let u(w) = -38*w**3 - 6*w**2 - 12*w - 1. Suppose -6*b + 10 = -b, 5*b = -4*g - 2. Is u(g) a composite number?
True
Suppose 3*s = -3*j + 65616, 2*s + 0*j = -4*j + 43746. Is s a prime number?
True
Let g = -42 + 42. Suppose -w = d - 3640, 0 = w - g*w + 2*d - 3645. Is w composite?
True
Suppose -f + 1 = 0, 3 = 3*q - 2*f - 4. Let v be 2/q*(6 + 9). Let t(a) = 23*a - 9. Is t(v) prime?
False
Suppose 4*l + 3*j = 315, -4*l + 108 = j - 213. Suppose -p - 2*p + l = 0. Let m = 55 + p. Is m a composite number?
True
Suppose 23*j + 230 = 805. Is j a composite number?
True
Suppose -u + 240 = u + a, -5*a = -4*u + 452. Suppose 3*v = 9 + 3. Suppose -2*m + u = v. Is m composite?
True
Let a(r) = r**2 - 14*r + 26. Let h be a(10). Let k(x) = -8*x + 37. Is k(h) a composite number?
False
Suppose 8129*t = 8138*t - 48591. Is t a prime number?
True
Suppose 39 = 5*y - 1. Suppose -71 = -2*x + i, -5*i = 5*x - y - 132. Is x a composite number?
True
Let u(x) = 6*x**2 + 15*x + 4. Is u(27) a prime number?
True
Let p = 16 + -5. Suppose x = p + 910. Is x prime?
False
Let z = 8554 + 1453. Is z a prime number?
True
Let f(j) = 9*j**2 + j + 3. Let w be f(-1). Let i(r) = 2*r**3 - r**2 + 3*r - 20. Is i(w) prime?
False
Let u = 47 - -18. Is u a composite number?
True
Suppose 0 = 2*u + 3*m + 4, -3*u - 4*m + 3*m - 6 = 0. Let f be (1 + u/2)/1. Suppose 3*q + 5*a - 18 + 0 = 0, -5*q - 4*a + 43 = f. Is q a prime number?
True
Let l(n) = -73*n + 16. Suppose 29 = -p + 20. Is l(p) prime?
True
Let i(a) = a**2 + 14*a + 11. Let n be i(-12). Let q be 1*(1 + 3 + n). Is 1*(-20)/12*q composite?
True
Suppose 2*m - 64 = -6*m. Is (-2)/6*6*(-4244)/m prime?
True
Let i(x) = -4*x**3 - 9*x**2 - 12*x - 25. Suppose -3*g + 3*z - 6 = 0, 4*g = -g - 2*z - 38. Is i(g) a prime number?
True
Let p be ((-30)/(-9))/((-3)/(-1845)). Suppose -4*n + p = 2*c, -4*n - 106 = -2*c - 2144. Is n a composite number?
True
Let v(g) = -43*g - 39. Let n be v(-13). Suppose -4*t = -3708 - n. Is t a prime number?
False
Let z(r) = 6*r**3 - r**2 - r - 1. Let k be z(-1). Let n be (1/(-3))/(k/84). Suppose 0 = -n*o + 104 + 44. Is o a composite number?
False
Suppose 6*p = 3*p - 129. Suppose 14*k - 15*k + 96 = 0. Let x = k - p. Is x a prime number?
True
Let o = 739 + 6475. Is o a composite number?
True
Let a(m) = m**3 + 17*m**2 + 16*m - 12. Let k(x) = -16*x**2. Let s be k(1). Let g be a(s). Is ((-422)/(-4))/((-6)/g) a prime number?
True
Let m(a) = 7*a**2 - a - 13. Suppose k + 2*k + 21 = 0. Is m(k) a prime number?
True
Let a(y) be the third derivative of -y**5/60 - 5*y**4/12 + 7*y**3/3 + 3*y**2. Let v be a(-11). Suppose -2*u + v*u - 131 = 0. Is u composite?
False
Let b(n) = 2640*n - 75. Let w(g) = 1056*g - 30. Let r(h) = 5*b(h) - 12*w(h). Is r(3) a prime number?
False
Let z be (-4)/(-2) - (-49 + 3). Suppose -r = -3*r + z. Let q = r - -103. Is q prime?
True
Let r(q) = -q - 7. Let z be r(-5). Let a be z*(0 - (-5 - -3)). Is ((-2)/a)/(3/2130) prime?
False
Suppose 30*k = 29*k + 4765. Suppose -4*m - 537 = 4*o - k, 5*m + 20 = 0. Is o a prime number?
True
Let w = 32 - 12. Is 5/w*0 - -673 prime?
True
Suppose 262*m + 3862 = 263*m. Is m a composite number?
True
Suppose -15*j + 12*j = 4*k - 86518, -3*j = -3*k + 64899. Is k a prime number?
False
Let t = 10 + -8. Suppose -2*b - t*d = -102 + 10, 0 = 2*b - 3*d - 87. Suppose 5*u - b + 10 = 0. Is u composite?
False
Let n be (-6)/9 + (-65)/15. Let l(v) = -56*v**2 - 9*v + 5. Let q(d) = -28*d**2 - 4*d + 3. Let m(k) = n*q(k) + 2*l(k). Is m(-5) a prime number?
False
Let p = -4 + 9. Suppose -p*u = -u. Is 130 - (0 - -3 - u) composite?
False
Is 39468/14 - 2/(31 + -17) prime?
True
Let f(c) = 18*c**2 - 10*c + 189. Is f(-23) composite?
False
Let t be ((-2314)/(-39))/(4/18). Suppose -4*c = -h + t, 2*h - 3*c + 7*c - 486 = 0. Is h a prime number?
True
Is 20/(-30)*(-5334)/4 composite?
True
Let j(m) be the third derivative of 2*m**5/3 - m**4/6 - 5*m**3/6 - 4*m**2. Let l be j(4). Let d = -428 + l. Is d a prime number?
True
Let n = 8449 - 4252. Is n prime?
False
Let h = 4 - 4. Suppose h*z = -5*z - 5610. Is 15/(-35) - z/21 a prime number?
True
Let i(b) = 134*b**2 - b - 1. Suppose k = 2*k - 2. Is i(k) a composite number?
True
Suppose -4*y = -y - 3693. Suppose -5*v + 1730 = 5*g - 1350, -y = -2*v - 3*g. Let l = 1158 - v. Is l a composite number?
False
Let h(z) = 2*z**3 - 6*z**2 - 3*z - 7. Let g = -4 + 6. Suppose 0 = -5*u - 4*c + 20 + g, 28 = 5*u + c. Is h(u) composite?
False
Let t(v) = 181*v**2 + 3*v + 1. Suppose 7*w = -4*j + 2*w + 16, -2*j + w - 6 = 0. Is t(j) composite?
False
Suppose -8*l - 14121 = -9*l + 4*n, l - n - 14106 = 0. Is l prime?
False
Let g(i) = -i**3 + 4*i**2 - 2*i - 4. Let s be g(3). Let o = 14 - s. Is (2905/o)/((-2)/(-6)) a composite number?
True
Let g = 34972 + -20975. Is g prime?
True
Let g(h) = 2*h**2 + 30*h - 17. Let t(b) = -3*b**2 - 45*b + 26. Let a(q) = -7*g(q) - 5*t(q). Is a(19) a composite number?
True
Let i be 7 + -3 + 1 + -3. Suppose i*x = 103 + 939. Is x a composite number?
False
Is ((-12457)/3)/((-48)/144) a composite number?
False
Is 1970 + (40/(-8))/5 prime?
False
Let i(u) = u**3 - 8*u**2 - 8*u. Let a be i(9). Is (-1239)/(-8) + a/72 a prime number?
False
Suppose -58*p - 5*k + 155470 = -53*p, -4*k - 62170 = -2*p. Is p composite?
False
Let a be 62/4*48/4. Suppose -8*t + 6 = -5*t. Suppose t*m = a + 44. Is m prime?
False
Let z(o) = o**3 + 28*o**2 - 35*o + 31. Is z(18) prime?
False
Suppose 0 = 7*c - 15 - 27. Suppose 2*r - 11967 = -5*h, c*r = r + 3*h + 29840. Is r prime?
False
Let m(f) be the second derivative of -f**5/20 - 13*f**4/12 - 2*f**3 + 4*f. Let p be m(-12). Suppose 4*y + y - 245 = p. Is y a composite number?
True
Let b = 247 + -443. Let s be 1 + (16*18)/3. Let l = s - b. Is l a prime number?
True
Let y(n) = -551*n - 106. Is y(-4) a composite number?
True
Is (-110538)/(-108)*(-1 - 3/(-1)) a composite number?
True
Let b = 18 - 15. Suppose -x - 506 = -b*x. Is x composite?
True
Let p = -74186 + 191467. Is p prime?
True
Let n = -13 - -9. Is (499 - 2)*n/(-1 - 3) a prime number?
False
Let u(v) = v**2 + 4*v + 21. Suppose 72 = 5*m + 4*t, -m = 4*t - t - 10. Suppose -m*c + 80 = -11*c. Is u(c